oes 18 divide 71568?
True
Is 77 a factor of 3393?
False
Is 17 a factor of 731?
True
Is 1781 a multiple of 9?
False
Does 18 divide 12416?
False
Does 17 divide 1019?
False
Is 31 a factor of 7657?
True
Is 8 a factor of 57919?
False
Is 66 a factor of 48856?
False
Is 29 a factor of 3898?
False
Does 52 divide 8245?
False
Is 32 a factor of 654?
False
Is 30 a factor of 840?
True
Is 14223 a multiple of 95?
False
Is 25 a factor of 32406?
False
Is 8165 a multiple of 48?
False
Is 1107 a multiple of 5?
False
Is 4 a factor of 92?
True
Is 369 a multiple of 9?
True
Does 19 divide 665?
True
Does 38 divide 6847?
False
Does 153 divide 50490?
True
Does 85 divide 73440?
True
Is 22 a factor of 7231?
False
Does 20 divide 14100?
True
Is 2 a factor of 562?
True
Is 489 a multiple of 36?
False
Is 90 a factor of 5400?
True
Is 57072 a multiple of 116?
True
Is 93195 a multiple of 9?
True
Is 37913 a multiple of 31?
True
Does 9 divide 729?
True
Is 49400 a multiple of 13?
True
Is 23 a factor of 221?
False
Is 32490 a multiple of 9?
True
Does 37 divide 11958?
False
Does 4 divide 5400?
True
Is 88 a factor of 1760?
True
Is 1381 a multiple of 12?
False
Is 14 a factor of 247?
False
Does 17 divide 84303?
True
Does 37 divide 454?
False
Is 11 a factor of 5615?
False
Is 7 a factor of 3347?
False
Is 112 a multiple of 34?
False
Does 104 divide 14560?
True
Is 280 a multiple of 30?
False
Does 3 divide 2514?
True
Does 8 divide 817?
False
Is 65 a factor of 7150?
True
Does 12 divide 564?
True
Is 28 a multiple of 7?
True
Is 1824 a multiple of 8?
True
Does 34 divide 1347?
False
Does 71 divide 1563?
False
Is 31 a factor of 35092?
True
Is 153 a multiple of 21?
False
Is 5 a factor of 730?
True
Does 14 divide 6482?
True
Is 23352 a multiple of 24?
True
Is 133 a factor of 25751?
False
Is 42 a factor of 1092?
True
Is 6 a factor of 7716?
True
Does 4 divide 119?
False
Does 6 divide 828?
True
Is 2534 a multiple of 12?
False
Is 14 a factor of 3714?
False
Is 12 a factor of 1228?
False
Does 8 divide 8592?
True
Is 2 a factor of 1468?
True
Is 58595 a multiple of 5?
True
Is 960 a multiple of 32?
True
Is 760 a multiple of 38?
True
Is 16 a factor of 15899?
False
Is 23 a factor of 16330?
True
Does 20 divide 5347?
False
Does 19 divide 4180?
True
Does 14 divide 1264?
False
Is 21 a factor of 735?
True
Does 45 divide 3735?
True
Is 3 a factor of 902?
False
Does 75 divide 4725?
True
Is 573 a multiple of 21?
False
Is 133 a factor of 17088?
False
Is 38 a factor of 1431?
False
Is 9039 a multiple of 15?
False
Is 10 a multiple of 10?
True
Does 13 divide 6213?
False
Is 3588 a multiple of 23?
True
Is 46 a factor of 2992?
False
Does 22 divide 825?
False
Does 46 divide 20056?
True
Is 14 a factor of 83244?
True
Is 34 a factor of 4769?
False
Is 37332 a multiple of 204?
True
Does 15 divide 687?
False
Does 10 divide 606?
False
Does 10 divide 190?
True
Is 3309 a multiple of 25?
False
Is 16 a factor of 5840?
True
Is 282 a multiple of 4?
False
Does 14 divide 439?
False
Does 199 divide 1592?
True
Does 30 divide 366?
False
Is 216 a multiple of 22?
False
Is 12723 a multiple of 92?
False
Is 925 a multiple of 92?
False
Is 16 a factor of 569?
False
Is 18 a factor of 18371?
False
Does 54 divide 657?
False
Does 4 divide 26?
False
Is 5033 a multiple of 6?
False
Is 41172 a multiple of 141?
True
Does 61 divide 3599?
True
Is 1092 a multiple of 5?
False
Is 56 a factor of 1870?
False
Is 17768 a multiple of 167?
False
Does 32 divide 4308?
False
Is 15 a factor of 15897?
False
Is 28744 a multiple of 24?
False
Is 36 a factor of 295?
False
Is 46 a factor of 13776?
False
Is 15 a factor of 60?
True
Is 7238 a multiple of 22?
True
Is 3 a factor of 46?
False
Does 34 divide 3181?
False
Does 205 divide 7500?
False
Does 17 divide 78?
False
Is 36 a factor of 1006?
False
Is 3319 a multiple of 30?
False
Does 13 divide 801?
False
Is 1215 a multiple of 15?
True
Is 14 a factor of 18424?
True
Is 41 a factor of 1189?
True
Is 14744 a multiple of 10?
False
Is 49 a factor of 23226?
True
Is 5 a factor of 21253?
False
Does 3 divide 849?
True
Is 66595 a multiple of 19?
True
Does 216 divide 22248?
True
Does 7 divide 1316?
True
Is 85 a factor of 2603?
False
Does 11 divide 25038?
False
Is 9 a factor of 430?
False
Is 181 a multiple of 24?
False
Is 10 a factor of 478?
False
Is 21 a factor of 567?
True
Does 6 divide 313?
False
Is 25304 a multiple of 21?
False
Is 25250 a multiple of 10?
True
Is 13 a factor of 7599?
False
Is 28 a factor of 664?
False
Is 19 a factor of 10363?
False
Is 15 a factor of 2385?
True
Does 108 divide 61236?
True
Is 5 a factor of 50?
True
Does 26 divide 451?
False
Is 7 a factor of 184?
False
Does 33 divide 8712?
True
Is 15366 a multiple of 95?
False
Is 118 a factor of 224?
False
Is 29 a factor of 376?
False
Is 5800 a multiple of 50?
True
Is 4347 a multiple of 131?
False
Does 10 divide 540?
True
Is 9672 a multiple of 93?
True
Does 188 divide 68244?
True
Is 2532 a multiple of 6?
True
Is 8150 a multiple of 68?
False
Is 6928 a multiple of 2?
True
Does 76 divide 17508?
False
Does 7 divide 26031?
False
Is 34453 a multiple of 5?
False
Is 28531 a multiple of 19?
False
Does 11 divide 38778?
False
Is 53 a factor of 53?
True
Is 196 a factor of 37633?
False
Is 504 a multiple of 12?
True
Does 19 divide 40603?
True
Is 1566 a multiple of 18?
True
Is 85 a factor of 11154?
False
Is 4452 a multiple of 42?
True
Is 206 a multiple of 3?
False
Does 7 divide 98?
True
Does 19 divide 4541?
True
Is 14 a factor of 101528?
True
Does 17 divide 2074?
True
Does 3 divide 158?
False
Is 1472 even?
True
Is 1580 a multiple of 10?
True
Does 42 divide 15160?
False
Does 11 divide 3426?
False
Is 29 a factor of 266?
False
Is 51 a factor of 4743?
True
Is 4279 a multiple of 17?
False
Does 17 divide 11621?
False
Is 21 a factor of 28702?
False
Is 432 a multiple of 12?
True
Does 407 divide 57794?
True
Is 37 a factor of 962?
True
Does 90 divide 990?
True
Does 5 divide 8175?
True
Is 47853 a multiple of 10?
False
Is 32 a factor of 902?
False
Does 2 divide 3223?
False
Does 102 divide 4316?
False
Is 157 a factor of 4239?
True
Does 8 divide 5216?
True
Is 7 a factor of 203?
True
Is 14 a factor of 4978?
False
Is 5 a factor of 370?
True
Is 36 a factor of 1908?
True
Is 26765 a multiple of 10?
False
Does 14 divide 14308?
True
Is 19 a factor of 60553?
True
Is 11 a factor of 5753?
True
Does 86 divide 28466?
True
Does 25 divide 23915?
False
Is 1012 a multiple of 22?
True
Is 11 a factor of 1732?
False
Is 69 a factor of 16787?
False
Is 78090 a multiple of 36?
False
Is 43 a factor of 7123?
False
Is 14 a factor of 196?
True
Is 37816 a multiple of 116?
True
Is 8556 a multiple of 124?
True
Does 14 divide 118594?
True
Does 18 divide 734?
False
Is 198 a multiple of 99?
True
Is 7995 a multiple of 39?
True
Is 1281 a multiple of 49?
False
Does 137 divide 3307?
False
Is 48 a factor of 147112?
False
Does 355 divide 29321?
False
Is 5 a factor of 59?
False
Does 88 divide 5267?
False
Does 106 divide 134066?
False
Does 22 divide 7458?
True
Is 198 a multiple of 6?
True
Is 336 a multiple of 14?
True
Is 435 a multiple of 25?
False
Does 7 divide 29652?
True
Is 439 a multiple of 7?
False
Is 17 a factor of 1900?
False
Does 22 divide 447?
False
Does 13 divide 3874?
True
Is 6 a factor of 15114?
True
Is 30 a factor of 8829?
False
Does 7 divide 65?
False
Is 10 a factor of 1711?
False
Is 765 a multiple of 9?
True
Is 158 a factor of 9244?
False
Does 72 divide 213?
False
Is 98 a factor of 493?
False
Does 14 divide 714?
True
Is 22829 a multiple of 41?
False
Is 1900 a multiple of 60?
False
Is 61 a factor of 650?
False
Does 10 divide 7180?
True
Is 3 a factor of 318?
True
Does 11 divide 91?
False
Is 205 a multiple of 5?
True
Does 15 divide 2369?
False
Is 1604 a multiple of 13?
False
Is 2 a factor of 56?
True
Is 9 a factor of 2448?
True
Is 18 a factor of 11430?
True
Does 35 divide 6101?
False
Is 713 a multiple of 23?
True
Is 60 a multiple of 12?
True
Is 77544 a multiple of 88?
False
Is 21 a factor of 9073?
False
Is 112 a factor of 1344?
True
Is 1427 a multiple of 4?
False
Is 49 a multiple of 7?
True
Is 53 a factor of 1219?
True
Is 271 a multiple of 6?
False
Is 83 a multiple of 56?
False
Is 6502 a multiple of 60?
False
Does 42 divide 7461?
False
Is 62 a factor of 17814?
False
Is 20185 a multiple of 55?
True
Does 5 divide 120?
True
Does 53 divide 15